ite number?
True
Is (-8)/18 + (-18)/324*-949094 a composite number?
False
Let n = 81493 - 47065. Is 57/(-133) + n/21 a prime number?
False
Is (-447)/36*-4*7476/28 a composite number?
True
Let f = 4837 + -2290. Suppose -o + f = -4*u, -3*u + 2 = -2*u. Let m = -352 + o. Is m composite?
False
Suppose 3*m = 4*x + 72, 6*x = -5*m + 2*x + 152. Let h be 14/m*0/1. Suppose -6*n + 3*n + 2313 = h. Is n prime?
False
Let y(l) = -14*l**2 - 7*l + 7. Let v(i) = 27*i**2 + 14*i - 15. Let m(q) = 6*v(q) + 11*y(q). Let d be 2*(-19)/4 + (-150)/(-100). Is m(d) a prime number?
True
Let w be 1 + -1 - (-20 - 7). Let v = 43 - w. Is (-24)/v*2362/(-3) a composite number?
False
Suppose -1349117 = -60*j + 836023. Is j composite?
True
Let b be (-54)/(-13) + (558/(-78) - -7). Suppose 0*j - 5*k = -4*j + 5502, -2*k = b. Is j a prime number?
True
Suppose -12*t + 35 = -37. Let h(q) = 2*q - 7. Let g be h(t). Suppose g*r = 2*r + 447. Is r composite?
False
Let r = -325 + 319. Is (r/9)/((-14)/150171) composite?
False
Let r = 265777 - 120962. Is ((-2)/5)/((-22)/r) a prime number?
True
Let s = -12922 - -1282. Is 10/(-15)*s/16 prime?
False
Let q be 2*(2 - 3)/2. Let g = -36 + 34. Is 3365 + (q - (-3 - g)) a composite number?
True
Let z(i) = 186*i**2 - 9*i + 56. Suppose 42*w - 121 = 31*w. Is z(w) composite?
True
Let z(b) = -b**3 - 9*b**2 - 8*b + 8. Let s be z(-8). Is ((-3)/(-2))/(6/s) + 4961 a prime number?
False
Suppose -6222 = 5*x + 2*q, -2*x - q - 1545 - 943 = 0. Let l = 6192 + x. Suppose 3*h - h = l. Is h a composite number?
False
Let t = 224037 + -95590. Is t a prime number?
False
Let g = -2053402 + 3164100. Is g composite?
True
Let a = 248 - -106. Let j = -160 + a. Is j a prime number?
False
Suppose -2*i = 4*x - 24008, 2*i = 4*x - 2*x - 12004. Suppose 3*h = 8*h - 3*t - x, 1 = t. Is h a composite number?
False
Let j(s) = -48*s**2 - 16*s + 16. Let g be j(6). Let x = 3861 + g. Is x a composite number?
False
Let j(o) = -o**3 - 12*o - 3256. Let n be j(0). Let r = n - -7067. Is r composite?
True
Let j = -1708 - -2443. Let q = j - 206. Is q prime?
False
Let b(s) = -s + 15. Let u be b(11). Suppose f - 18 = -5*d, f + 4*d + u - 19 = 0. Is f - (5 + -2 + -211) a prime number?
True
Suppose -2*h - 52*h - 150*h + 55471476 = 0. Is h a composite number?
False
Let v(t) = -t + 252*t**2 + 5 - 9*t**2 - 2. Suppose 5*h = 15, 41*h - 6 = -3*a + 37*h. Is v(a) a prime number?
True
Suppose -3*y - 5*y = -y - 3574277. Is y a composite number?
False
Suppose -r - 551 - 2696 = 0. Let c = r + 6918. Is c prime?
True
Let w be (-96)/(-15) + (-2)/5. Let q(p) = -2*p + 4 + 18*p + 19 - 10. Is q(w) composite?
False
Suppose -109*f - 8121080 + 39056016 = -12845677. Is f composite?
True
Let m(i) = 2232*i**2 - 2*i + 51. Let n be m(9). Suppose -16*v = -v - n. Is v a composite number?
True
Let t(h) = 539*h**2 - 2*h + 1. Let n be t(1). Let m be (52 - (-9 - -6))*15. Let l = m - n. Is l composite?
True
Let p = -22963 + 64830. Is p prime?
False
Suppose -z + w = -34059, 0 = 2*z + 3*w - 46219 - 21909. Is z composite?
False
Let g be 8 - (-4 - -12)/2. Let b be 1 + 594 + -3 - g. Suppose -s + 4*v + b = -v, 5*v = -4*s + 2277. Is s composite?
True
Suppose -8*a - 7 + 39 = 0. Suppose a*m + 2*s = -m + 1169, 0 = -2*m - 2*s + 464. Let l = 768 + m. Is l composite?
True
Suppose 35*i = 21*i - 56*i + 1531180. Is i composite?
True
Let k(m) be the first derivative of 16*m**3 + 4*m**2 + 9*m + 32. Is k(-4) a prime number?
False
Suppose 7*g = -1327 + 1908. Let l = -32 + 2. Let d = l + g. Is d a composite number?
False
Let t(m) = 41*m**2 + 2250*m - 19. Is t(-86) prime?
True
Let q = 60216 - 33037. Is q a composite number?
False
Suppose 0 = 4*c + 5 - 65. Let k(r) = 3*r**2 - 11*r + 45. Let b be k(c). Let t = 1024 - b. Is t prime?
False
Let j be (-2 + 826/(-4))/((-1)/(-2)). Is 2 - (-4 - -5)*j composite?
False
Let v be (-2)/(-3)*(-18)/(-12). Let a be (3 - (-192 - 2)) + v/1. Let d = a + 179. Is d a composite number?
True
Let v = 39642 - 569. Suppose 0 = -3*f + 24*u - 26*u + v, 4*f = 3*u + 52120. Is f a prime number?
False
Suppose -11*f - 24235964 + 7498892 = -59*f. Is f composite?
True
Let v(q) = -q**3 - 15*q**2 - 30*q + 15. Suppose 8*d = 7*d - 5*y - 1, 0 = -5*y + 15. Is v(d) a prime number?
True
Suppose 10*p + 1 = -19. Let c(y) = 872*y**2 + 6*y + 15. Is c(p) composite?
False
Let i be (-16)/(-7) - 8/28. Is 5218*(1/i)/1 a composite number?
False
Let b = 8144 + 72285. Is b a composite number?
False
Let i = 1203 + -326. Suppose 2*q - 3*c = i + 1800, -5346 = -4*q - 2*c. Is q a composite number?
True
Let h(q) = -11*q**3 + 4*q**2 - 18*q - 445. Is h(-18) composite?
False
Let f(g) = 23*g**2 - 8*g - 1. Suppose -8*a - 2*a = 50. Is f(a) composite?
True
Suppose -3501*i = -3546*i + 4197465. Is i prime?
False
Let b(t) = 440*t**2 - 4*t - 50. Let o be b(6). Suppose 16*u = -1254 + o. Is u a composite number?
False
Let i(t) = -t**3 + 2*t**2 + 4*t + 160057. Is i(0) composite?
True
Suppose -37511 + 122099 = -6*c. Let b = -3509 - c. Is b prime?
True
Let l be (-66)/(-36) - 1*(-3)/18. Suppose -l*z = 5*n - 28601, -6 - 4 = 5*z. Is n prime?
False
Let w(k) = k**2 + 190*k + 22*k**3 - 13*k**2 + 46 - 163*k + 2*k**2. Is w(13) prime?
True
Let q = 3772 - 2685. Let i = q - -3330. Is i a prime number?
False
Suppose -37 = k + 18. Let z = k + 57. Suppose -4*f = z*f - 8634. Is f composite?
False
Suppose 12829 = -16*i + 3565. Let g = i + 3236. Is g a composite number?
False
Suppose 9*r - 294 = 795. Let b = 37 + 55. Let c = b + r. Is c prime?
False
Let i(y) = 13*y**3 - 3*y**2 + 18*y - 56. Let x be i(11). Let l = x - -12187. Is l a composite number?
False
Suppose -5*n - r = -186995, -5*n + 149596 = -n + 2*r. Is n composite?
True
Is -1 - 291440/(-6)*(-12)/(-8) a prime number?
True
Let r(p) be the third derivative of -1/8*p**4 + 8*p**2 + 0 + 1/60*p**5 + 131/6*p**3 + 0*p. Is r(0) a composite number?
False
Suppose 0 = z - 2*z + 6*z. Suppose 0 = 3*j - z*j + 63. Is (-5390)/j - 3/(-9) a composite number?
False
Suppose 0 = -5*c + a + 22083839, -129*c + 22083821 = -124*c - 4*a. Is c prime?
False
Let z be (6/(-4))/((-1930)/(-1940) + -1). Let d = 4480 + z. Is d prime?
False
Let d(p) = 8*p**3 + 2*p**2 - 18*p - 1. Is d(15) a prime number?
True
Let f be (-11)/3*(15/5 + -6). Suppose -3*c + 2784 = -f*c. Let m = c + 599. Is m composite?
False
Let b = 521 - 587. Is 2 + -6 - b*358/4 prime?
True
Let x be 1/(-4) - 13700/32*-2. Let c = x - -333. Is c a prime number?
False
Let h(o) = 17865*o**2 - 178*o + 103. Is h(8) a composite number?
False
Suppose -5*j = -3*b + 25165, 3*j = -2*b - 24137 + 9019. Is -2*(j/(-32))/(2/(-8)) composite?
False
Let x(k) = -267*k - 16. Let h = 18 + 32. Suppose -w - h = 9*w. Is x(w) a composite number?
False
Suppose 26*l - 21*l = -25, -4*j - 3*l = -246845. Is j a composite number?
True
Let l(v) = 5*v + 26. Let s be l(-4). Is (-385 + 3)*(-3)/s*1 prime?
True
Suppose -5*t = 4*x - 28503, -3*t - 21401 = -3*x - 2*t. Suppose -3*p = p + x. Let c = -1264 - p. Is c prime?
False
Suppose 4*u - c - 18 = 27, u - 9 = c. Suppose -10670 + 3122 = -u*v. Is v a composite number?
True
Let i be 0/(-6)*(-3)/6. Suppose -t + 0*t + 1174 = i. Let m = -435 + t. Is m a composite number?
False
Suppose 2*i - 2494 = 3*h + 979, 4*i = h + 6951. Suppose -4*a + 1982 = -2*r, 3*a + 238 = -3*r + i. Suppose -3*l - a = -4*l. Is l a prime number?
False
Suppose 25087168 + 115751013 = 319*l. Is l a composite number?
False
Suppose -1841133 = -42*q + 1937207 - 1143134. Is q a composite number?
False
Suppose -l + 35089 = 5*m - m, 2*m - 17548 = -4*l. Is (m - (-28)/4)*1 composite?
False
Suppose 5*w + 37 = 3*o, 4*w + 5 = -2*o - 7. Suppose -o*r = -2*m - 6, 2*m = -2*r + 18 - 0. Suppose r*j = 3*j + 159. Is j a prime number?
False
Let r(v) be the third derivative of -2*v**7/105 + v**6/90 - v**5/120 - 13*v**4/24 - 7*v**3/6 + 3*v**2. Let a(k) be the first derivative of r(k). Is a(-6) prime?
True
Suppose 4*u - 4*d - 1030432 = 0, 1125794 = 5*u + 4*d - 162273. Is u a prime number?
True
Let h = -267 - -270. Suppose 3*s - h*d - 23703 = 0, 4*d - 3020 - 12782 = -2*s. Is s a prime number?
True
Let d = 24366 - 5939. Is d prime?
True
Let m = 174514 + -68615. Is m composite?
False
Let i = 5267 - 4588. Is i a composite number?
True
Let d(u) = -4*u**2 + 7*u**2 + 21*u - 31*u + 27. Is d(4) prime?
False
Let s = -3823 - -7582. Is (-156)/9*s/(-28) a composite number?
Tr